 = -g**3 - g + 1. Let k(r) = 2*d(r) + p(r). Let y be k(-4). Let b = y + -22. What is the tens digit of b?
1
Let g(l) = -l - 3. Let f be g(-6). Let q be (-5)/(-2)*6/f. Suppose 16 = q*r - 14. What is the units digit of r?
6
Let q(w) = 141*w - 123. What is the tens digit of q(8)?
0
Let q(f) = 7*f**2 + 98*f + 3. What is the tens digit of q(14)?
4
Let x be 2/9 - 196/(-9). Suppose 20*l = -63 - 77. Let g = x - l. What is the units digit of g?
9
Suppose 2*m - x = -98, 2*x - x = 0. Let j = -12 - m. What is the units digit of j?
7
Let r be ((0/2)/2)/(-1). Let x(p) = p**3 + p**2 + p + 2. Let h be x(r). Suppose 0 = h*g + 3*y - 38, -y = -g + 7 + 7. What is the units digit of g?
6
Let q = 2588 + -423. What is the thousands digit of q?
2
Suppose -29*o + 3*o + 13624 = 0. What is the units digit of o?
4
Suppose -5*g + 16 = 1. Let d be (-12)/36 + (-8)/g. What is the tens digit of -5 + 36 + (d - -2)?
3
Suppose 37 + 17 = 6*n. Suppose -n*o - 312 = -13*o. What is the units digit of o?
8
Let a(i) = 19*i**2 - 3*i - 4. Let d be a(-1). Suppose 0 = -3*q - 0*q. Suppose q*o + 2*o - d = 0. What is the units digit of o?
9
Let s(j) = j**2 - 8*j + 8. Let c be s(5). Let v(b) be the third derivative of b**6/120 + b**5/10 - 7*b**4/24 + b**3 + 2*b**2. What is the units digit of v(c)?
6
Suppose -3*a + 0*o - 4*o - 4 = 0, 3*o - 6 = 0. Let c be 2*(-12)/a*4. Let b = c - 16. What is the units digit of b?
8
Let j(i) = i**2 + 6*i - 9. Let w be j(-8). Suppose -4*u + p - 51 = 0, 5*u - 3*p + w*p + 48 = 0. Let n = -11 - u. What is the units digit of n?
1
Suppose -2*i - i = 9, 4*f - 2*i - 2 = 0. What is the tens digit of 97 - -3 - (-2)/f?
9
Let p be (-180)/(-16) + 9/12. Let f = 31 - p. What is the tens digit of f?
1
Suppose 14*m - 810 = 11*m. What is the tens digit of m?
7
Suppose 91*t - 3120 = 86*t. What is the tens digit of t?
2
Let i be 2*(-1)/(-2) + -84. Suppose -96 = 17*d - 15*d. Let k = d - i. What is the tens digit of k?
3
Let j(v) = -v**3 + 8*v**2 - 6*v - 6. Let u(m) be the third derivative of m**4/24 + 17*m**3/6 + 14*m**2. Let l be u(-10). What is the units digit of j(l)?
1
Suppose 30059 = 9*v - 8443. What is the hundreds digit of v?
2
Let l(c) = -8*c + 297. Suppose 0 = -14*a + 11*a. What is the units digit of l(a)?
7
Let m = 2540 + -1442. What is the units digit of m?
8
Let t(l) = l - 2. Suppose s = -4*s + 15. Suppose -s*v = -7 - 11. What is the units digit of t(v)?
4
Suppose 0 = 3*g + 6*g - 18. Suppose -2*r = -4*r + 4, y = -g*r + 170. What is the units digit of y?
6
Suppose -5*m - h + 4*h + 243 = 0, 4*m - 200 = h. Let p(n) = n**3 + 3*n. Let u be p(3). Suppose u = 2*r - 4*q, r = 3*r + q - m. What is the units digit of r?
4
Suppose 0*j + 2*j - 4 = 0, 2*b - 4*j - 22 = 0. Let r = 10 + -5. What is the units digit of b/6*26/r?
3
Let b(z) = 5*z + 8. Let k(q) = 12*q + 9. Let i(x) = 18*x + 13. Let r(w) = 5*i(w) - 8*k(w). Let m(t) = 5*b(t) + 4*r(t). What is the units digit of m(-11)?
1
What is the tens digit of (1 - 0)/1 + 62/1?
6
Let h be (-9)/(-6) - 45/6. Let o = 8 + h. Suppose 3*w - 73 = -4*m + 21, o*m - 5*w - 34 = 0. What is the units digit of m?
2
Let r = -36 + 23. Let t(g) = 5*g - 93. Let p(m) = -m + 23. Let l(b) = 9*p(b) + 2*t(b). What is the units digit of l(r)?
8
Suppose -2*r - 943 = -b, 3*r = 8*b - 6*b - 1885. What is the units digit of b?
1
Let x = 9 + -4. Suppose 0 = x*k - 451 - 19. Let t = k - 35. What is the tens digit of t?
5
Let c(o) be the second derivative of -o**4/4 + 3*o**2 - 3*o. Let p(z) be the first derivative of c(z). What is the units digit of p(-5)?
0
Let i(a) = -a + 1. Let u be i(-2). Suppose u*m - 104 = -5*m. What is the tens digit of m?
1
Let u(h) = 51*h. What is the tens digit of u(10)?
1
Let k = -8 + 84. What is the tens digit of k?
7
Suppose -19*m + 5*m + 7630 = 0. What is the hundreds digit of m?
5
Suppose 4*z + 22*z - 9412 = 0. What is the hundreds digit of z?
3
Let x(i) = -i**3 + 3*i**2 + 6*i - 5. Let v be x(4). Suppose t + 4*f = -19, 5*t - v = 4*f - 2. Let q = t + 33. What is the units digit of q?
0
Suppose n = -5*q + 4*q + 524, 2 = 2*n. What is the units digit of q?
3
Suppose -315 = -2*d - 3*y, 4*y = 2*d + 3*y - 311. What is the tens digit of d?
5
Let p(l) = 72*l**2 - 20*l + 17. Let b(o) = 24*o**2 - 7*o + 6. Let r(f) = -17*b(f) + 6*p(f). Let m be r(-1). What is the units digit of m + 2 + 3 - -2?
2
Let b = -309 + 577. Suppose -3*a + 0*a - 4*h + b = 0, 6 = -3*h. What is the units digit of a?
2
Suppose -48 = 5*d - 18. Let j = d + 11. Let n = j - -46. What is the tens digit of n?
5
What is the hundreds digit of 162/(-4)*(-104 + 20)?
4
Let x(h) = -16*h - 1. Let d be x(-2). Let t = -5 + 27. Let c = d - t. What is the units digit of c?
9
Suppose 0 = -3*d - g + 7498 - 1077, -4*g - 8540 = -4*d. What is the tens digit of d?
3
Let s(h) = 246*h - 29. What is the units digit of s(4)?
5
Let s = 32 + -36. Let q be 1 - 4 - (s + -1). Suppose -5*l + 65 = q*h, 2*l + 39 = 5*l + 5*h. What is the tens digit of l?
1
What is the tens digit of (-4)/(-16) + (3685/20)/11?
1
Let b(o) = 3*o**2 + 5*o - 5. Let r be b(2). Suppose -4*i - 2 = -10. Suppose r - 83 = -i*d. What is the tens digit of d?
3
Let r = -10 - -13. Suppose -58 = q - r*q. Let j = q + -8. What is the units digit of j?
1
Suppose 0 = -3*b + 8*b - 805. Let z = b - 113. What is the tens digit of z?
4
Let z(x) = x**2 - 8*x + 2. Let v be z(8). Suppose -3*m + 36 + 49 = v*c, 180 = 4*c - 4*m. What is the units digit of c?
4
Suppose x - 16 + 1 = -l, 5*l - 61 = 2*x. Suppose 36 = j - l. Suppose 2*k + 2*m = 32, -3*m = 4*k - j - 18. What is the tens digit of k?
1
Let u be 8 - 1/(-2)*-8. What is the tens digit of (-2)/u*1160/(-10)?
5
Let s(u) = -4*u - 1. Let y be s(-9). Let w = -59 + y. Let b = w + 83. What is the tens digit of b?
5
Let q(g) = -94*g - 1121. Let v be q(-12). Let u = 40 - -9. Let f = v + u. What is the units digit of f?
6
Let t(r) = 108*r + 441. Let w be t(-4). Let i(s) be the third derivative of -s**6/120 + 3*s**5/20 + s**4/8 - 7*s**3/6 + s**2. What is the units digit of i(w)?
0
Suppose 342 - 977 = -2*k - 5*g, 0 = -k - 5*g + 310. Suppose 3*p - 23 = 4*d + 158, k = 5*p - 2*d. What is the tens digit of p?
6
Suppose 0 = 3*f - 3*d + 93, 4*d - 19 = f + 7*d. Let m be (-8)/f*-1*-28. Let x = m + 13. What is the units digit of x?
1
Suppose 0 = q + t - 339, -4*q + 1353 = -t + 6*t. What is the hundreds digit of q?
3
What is the tens digit of (-18)/30*2935/(-3)?
8
Suppose d = 3*z + 5*d + 26, -2*z + 5*d = 2. Let c = 13 + z. What is the units digit of c?
7
Let l(c) = -11*c - 66. Let n be l(-11). Let k(a) = 4*a - 1. Let x be k(-5). Let y = n + x. What is the units digit of y?
4
Let n = 7 - 0. Suppose 8*m = n*m + 4. Suppose m*s = 4*r + s - 84, 2*s = -4*r + 84. What is the tens digit of r?
2
Let b(i) = i**3 - 9*i**2 + 14*i - 20. Let s be b(8). Suppose -r - 49 = -j, r = -3*j + 103 + s. What is the units digit of j?
5
Let u(z) be the first derivative of -z**4/4 - 4*z**3/3 + z**2/2 - 4*z + 2. Let g = 307 + -313. What is the tens digit of u(g)?
6
Let i be 2*(-2 + (-6)/(-2)). Let o be (-3 + i)*(-20)/2. Suppose x - 32 - o = 0. What is the units digit of x?
2
Let u = -1019 + 1531. What is the units digit of u?
2
Let r be 2 + -5 - (-18)/3. Suppose 3*s - 489 = -3*o + s, -2*s = -r*o + 477. What is the units digit of o?
1
Let m be -2 + 3*(-16)/6. Suppose -68 = 4*w - 2*w. Let h = m - w. What is the units digit of h?
4
Let h(r) = -4*r - 5. Suppose 0 = 3*a, 18 - 6 = 3*x - a. Suppose -12 = -x*w, -4*w = 2*i - w + 11. What is the units digit of h(i)?
5
Suppose -7*h + h = -0*h. Suppose h = 4*v - 10*v + 660. What is the tens digit of v?
1
Let t = -24 + 13. Let h(v) = 7*v - 16. Let l(r) = -3*r + 8. Let c(u) = -6*h(u) - 13*l(u). What is the tens digit of c(t)?
2
Let a = -103 + 105. Suppose 0 = -3*z + 5*m + 62, 0*z - 43 = -a*z + 5*m. What is the tens digit of z?
1
Let a(p) = -p**2 - 23*p - 42. Let k be a(-21). Suppose -2*y - 1 = -3. Let j = y - k. What is the units digit of j?
1
Let z = -8 - -2. Let w = z + 7. Suppose w = -5*n + 6. What is the units digit of n?
1
Let s(o) = 48*o**2 - 28*o - 327. What is the thousands digit of s(-9)?
3
Suppose -2225 = -4*d + p, -3*p - 2755 = -5*d - 7*p. What is the hundreds digit of d?
5
Let z(f) = 15*f**3 + 2*f - 1. Let g be z(1). Suppose -w + 4*w = -5*m + g, 2*m - 2*w - 16 = 0. Let x = 7 - m. What is the units digit of